 t be -5 + 8/(120/165). Give w(t).
-3
Let g(b) = 38*b**2 - 17 - b - 24*b**2 - b**3 - 8*b**2. Give g(5).
3
Let w(f) be the third derivative of -13*f**4/6 - f**3/3 + 2*f**2 + 2044*f. Give w(-1).
50
Let u(s) be the second derivative of s**5/20 + 3*s**4/4 + 10*s**3/3 + 22*s**2 + 6131*s. Determine u(-6).
32
Suppose -660*q + 8347 = -1591 - 2602. Let m(l) = l**2 - 29*l + 196. Give m(q).
6
Let f = 309 + -321. Let r be (10 + f)*(-66)/12. Let o(y) = y**2 - 11*y + 2. What is o(r)?
2
Suppose 4*q - 11 = -375. Let u = -44 - q. Let s = -48 + u. Let t(c) = 10*c**2 + 2*c + 1. Calculate t(s).
9
Let c(o) = -39*o + 51. Let b(w) = 15*w - 18. Let f(y) = -8*b(y) - 3*c(y). Calculate f(8).
-33
Let h(p) = -p**2 - 2*p + 3. Suppose -45 = -3*q + 8*q. Let v be (-2 - (1 + q))*6/9. Suppose 5*i - 6*z + z = 5, -i + v*z = -16. Give h(i).
-5
Let b(z) be the second derivative of -z**4/12 - z**3/2 + 20*z**2 - 3*z + 234. Give b(-9).
-14
Let n(m) be the first derivative of m**3/3 + 29*m**2/2 - 38*m + 1253. What is n(-30)?
-8
Let z be 8/44*9/(-60)*(-770)/126. Let l(x) be the third derivative of 0 + 0*x + z*x**3 - 1/30*x**5 - 1/12*x**4 - 35*x**2. Calculate l(-2).
-3
Let c(n) = -3*n**2 - 4*n - 2. Suppose 34*v + 32 = 42*v. Suppose -6 + 31 = 5*g. Let t be -7 + v + (g - 4). Calculate c(t).
-6
Let i(x) = 3*x + 9. Let a(g) = -4*g - 36. Let p(h) = 2*a(h) + 4*i(h). Give p(21).
48
Let g(o) = -2*o**3 + o**2 - 6*o + 7. Let v be g(1). Let i(k) = -k + 2. What is i(v)?
2
Let v(r) = -r**3 - 5. Let z(a) = -5*a**3 + 6*a**2 - 6*a - 17. Let u(b) = 6*v(b) - z(b). Determine u(-6).
-49
Let h(w) = 6*w + w + 0*w + 6 - 6*w. Let p(t) = -t + 7. Let n be (-6 + 185/25)/((-2)/(-10)). Let z be p(n). What is h(z)?
6
Let s be ((-5 - -4) + 6)/(10/4). Let u be 24*(-3)/(-9)*s/4. Let k(d) = d**3 - 2*d**2 - 4*d + 3. Calculate k(u).
19
Let o(g) = g - 1. Let l(v) = v**2 + 9*v - 4. Let s(w) = -l(w) + 4*o(w). Let k = 122 + -126. Calculate s(k).
4
Let g be 2*-3*(-11)/(-33)*3. Let w(s) = 15*s - 2. Let v(f) = -13*f. Let b(h) = g*w(h) - 7*v(h). Suppose 0 = -0*n + 3*n + 5*a, 3*n + a = 0. What is b(n)?
12
Let g(k) = -20*k - 17. Let y be g(-1). Let o(q) be the third derivative of -q**4/6 - q**3/3 - 147*q**2. Give o(y).
-14
Let o(t) be the second derivative of 1/20*t**5 + 0*t**4 - 1/2*t**2 + 62*t - 1/3*t**3 + 0. What is o(-2)?
-5
Let w(t) = -2*t**3 + 4*t**2. Let o = -955 - -1015. Let u = o - 57. Give w(u).
-18
Let g(b) be the first derivative of -b**4/4 - 7*b**3/3 - 9*b**2/2 - 6*b - 123. Suppose -4*l + 75 = l. Let a be (-20)/l*(-18)/(-4). Determine g(a).
12
Let i(n) = 1944*n + 5*n**2 - 952*n - 964*n + 4. Let p(c) = -c**2 - 7*c - 1. Let k(l) = 2*i(l) + 9*p(l). Suppose -f + 5*f - 24 = 0. What is k(f)?
-7
Suppose -305 = -22*v + 971. Suppose -o + 76 = -5*a + 1, -3*a - 2*o = v. Let l(w) = -w**2 - 17*w - 18. Calculate l(a).
-2
Let p(r) = 73*r - 289. Let l be p(4). Let u(i) = -3 - 5*i + 0*i**2 + 2*i**2 + i**2 - 2*i**2. Give u(l).
-9
Let x(t) = -15*t - 1. Suppose 0 = -5*f + d + 4288, 0*d + 4*d = -4*f + 3416. Let c = f + -858. Determine x(c).
14
Let q(f) be the third derivative of 1/15*f**5 + 1/12*f**4 + 17 + 1/6*f**3 + 0*f - 6*f**2. What is q(3)?
43
Let v(m) = 12*m + 14. Let r(a) = -18*a - 30. Let i(h) = 3*r(h) + 5*v(h). What is i(8)?
28
Let p be (13 + -6)*9/7. Let i(w) = -1 + 5*w + 3 + 8*w + 5*w**2 + 0*w**2 - p*w. Give i(-2).
14
Let b = -9 - -16. Suppose u - 104 = -b*u. Suppose 8*t = 53 - u. Let g(z) = -2*z - 1. Calculate g(t).
-11
Let l(f) be the first derivative of -f**5/20 - 5*f**4/3 - 3*f**3 + 23*f**2/2 + 113*f - 21. Let v(r) be the first derivative of l(r). Determine v(-19).
4
Let d(c) be the third derivative of c**4/12 + 13*c**3/3 - 353*c**2 + 2. Give d(-14).
-2
Let z(q) be the third derivative of 0*q + q**2 - 7/24*q**4 + 1/120*q**6 - 4/3*q**3 - 3 + 1/10*q**5. Determine z(-7).
-8
Suppose 3*g + 4*c - 208 = 0, 2*g - c = 2*c + 150. Let v(t) = 3*t + 39 + 36 - g. Determine v(-3).
-6
Let w(s) = s - 16. Let r be -3 + -1 - (4 + -14)*1. Determine w(r).
-10
Let a(u) = 6*u + 3. Suppose 50*f - 74 = -24. Give a(f).
9
Let w(j) = -4*j**2 - 73*j - 25. Let v(l) = 184*l + 2006. Let x be v(-11). Give w(x).
-7
Suppose -7*t - 196 = -0*t. Let b(a) = -119*a. Let i(m) = -13*m. Let r(v) = t*i(v) + 3*b(v). Give r(1).
7
Suppose 0 = -28*x + 4*x - 6048. Let n = x + 255. Let g(v) = v + 6. Calculate g(n).
9
Let f(m) = -20*m**2 + 3*m - 9. Let v(l) = 57*l**2 - 9*l + 27. Let u(j) = 17*f(j) + 6*v(j). What is u(6)?
63
Let s be (11 - (22 + -12)) + (-2 - -2). Let m(z) be the first derivative of -3*z**2 - z - 20. Calculate m(s).
-7
Let v(g) be the third derivative of -7*g**4/8 + 40*g**3/3 - 26*g**2 - 52. Give v(4).
-4
Suppose 0 = -3*n - 157 - 65. Let h = n + 79. Suppose -h*w - 1 + 56 = 0. Let g(x) = -x + 5. What is g(w)?
-6
Suppose 0 = 2*t - 2 + 12. Let c(f) be the first derivative of 1/3*f**3 + 28 + 2*f**2 - 2*f. Calculate c(t).
3
Let a(q) = -24 + 61 + 79*q + 176*q - 250*q. Calculate a(-9).
-8
Let l = -27134 + 27133. Let g(x) = -3*x**2 - 7*x + 1. What is g(l)?
5
Let h be (-3 - -12) + 0/2. Let p be -1*h*1 - -1. Let k(a) be the second derivative of a**3/6 + 4*a**2 - a - 2064. Give k(p).
0
Suppose -x = -2*y - 6, -x + 32 = 2*x + y. Let s = -67 + 76. Let h(n) = x*n - 29*n - 1 + s*n + 12*n. Give h(4).
7
Let o = -62 + -198. Let j = 259 + o. Let i(l) = -21*l - 1. Calculate i(j).
20
Let m(f) = -29*f + 619. Let w be m(21). Let u(g) be the second derivative of g**5/20 - 5*g**4/6 + g**3/2 - 6*g**2 + 11*g. Give u(w).
18
Let o(k) = -7*k**2 - 4*k - 9. Let u be (-3 - -4)/(-1)*5. Let l(h) = -4*h**2 - 2*h - 5. Let m = -16 - -19. Let z(f) = m*o(f) + u*l(f). Calculate z(-2).
-2
Let i(d) = -168*d**2 - 168*d**2 - d**3 + 13*d + 8 - 162*d**2 + 667*d**2 - 164*d**2. Determine i(7).
1
Let v(l) = -93*l - 89. Let g(r) = 187*r + 224. Let h(s) = -4*g(s) - 9*v(s). What is h(1)?
-6
Let v(w) be the third derivative of -w**5/30 + 17*w**4/24 - 20*w**3/3 + 8765*w**2. What is v(5)?
-5
Let c(x) = -14*x + 27. Let s(q) = 8*q - 14. Let u(d) = 9*d - 17. Let a(g) = 3*s(g) - 4*u(g). Let n(m) = -6*a(m) + 5*c(m). What is n(11)?
1
Let d(z) = -6*z**2 - z. Suppose 2160 = 20*b + 80. Let v = b + -103. Calculate d(v).
-7
Let z(m) be the second derivative of -m**4/12 + 23*m**3/6 + 3*m**2 - 54*m + 13. Determine z(23).
6
Suppose 3*a - 2 = -5. Let k(r) = -2*r - 53. Let h(z) = 2*z + 26. Let g(q) = 2*h(q) + k(q). Determine g(a).
-3
Let i(t) = 302 - 4*t + 293 + 291 - 1184 + 292 + 6*t**2. What is i(-2)?
26
Let i(q) be the third derivative of 1/60*q**5 + 0*q + 284*q**2 - 7/12*q**4 + 1/2*q**3 + 0. Calculate i(12).
-21
Let j(m) = -m + 1. Let h(r) = -r - 3. Let g be h(-9). Let l = 1 + g. Suppose 4*v + 2*w = -26, -l = -5*w + 8. Determine j(v).
9
Let k be ((-3)/6)/(4/(-32)). Let n(v) be the third derivative of -v**5/60 + v**4/8 - v**3/3 + 5*v**2 + 9*v. Calculate n(k).
-6
Suppose -3*x - 261 = -3*j, 0 = -2*x + 4*j - 8*j - 162. Let o = x + 15. Let v = o + 73. Let c(f) = -f**3 + 2*f**2 + 3*f + 2. Calculate c(v).
2
Suppose -7*l - 2*w = -9*l + 80, -4*w = -20. Let r be (-3)/(l/20 - 3)*-3. Let h(b) = b**2 + 11*b + 2. Calculate h(r).
14
Let z = -26 - -25. Let l be z + -3 + (7 - 2). Suppose 7*v - l = 8*v. Let o(w) = 4*w**3 + w**2. Give o(v).
-3
Let t(x) = -x**3 - x**2. Let o be t(0). Let s(m) be the third derivative of 1/24*m**4 - 48*m**2 + 0 + 0*m - 3/2*m**3. Determine s(o).
-9
Let s be -12 + (5 - 4) + -1. Let n be (-45)/(-6) + 0 - 6/s. Let c be (-2)/n + 12/48. Let k(g) = g**3 - g**2 + g - 1. Give k(c).
-1
Let y(v) = v + 7. Let h be 13 - (-4)/(-8)*-2. Let m(q) = -q + 21. Let g be m(h). Let k(f) = -3*f - 22. Let s(o) = g*y(o) + 2*k(o). Determine s(5).
10
Let t(w) be the third derivative of 0 - 11*w**2 + 1/6*w**3 + 0*w. Let h(z) = 2*z - 15. Let a(q) = h(q) + 6*t(q). Determine a(7).
5
Let k(z) be the third derivative of z**5/60 - 11*z**4/8 - 491*z**3/3 + 257*z**2. Give k(-19).
6
Let r(x) be the first derivative of -x**3/3 - 7*x**2 + 40*x + 1965. Calculate r(-17).
-11
Let x(z) = 3*z + 4. Suppose -j = 5 - 9. Suppose -j*l - 64 + 44 = 0. Let r(b) = -3*b - 3. Let p(q) = l*x(q) - 6*r(q). Determine p(3).
7
Let m = 90 + -77. Let d(a) = m - 54*a + 17*a + 3 + 35*a. Determine d(7).
2
Let h(l) = l**3 + 7*l**2 + 6*l - 2. Let t(q) = q**3 - 9*q**2 + 9*q - 6. Let a be t(8). Suppose 14*r - 13*r = -a*k - 8, 5*k - 4*r = -46. Give h(k).
-2
Let j(x) be the third de